{"id":501,"date":"2024-08-01T09:08:05","date_gmt":"2024-08-01T08:08:05","guid":{"rendered":"https:\/\/www.videonadzornisistemi.si\/?product=policetech-xvr1601h-5m-ai-ai-penta-brid-snemalnik"},"modified":"2024-08-01T09:08:05","modified_gmt":"2024-08-01T08:08:05","slug":"policetech-xvr1601h-5m-ai-ai-penta-brid-snemalnik","status":"publish","type":"product","link":"https:\/\/www.videonadzornisistemi.si\/?product=policetech-xvr1601h-5m-ai-ai-penta-brid-snemalnik","title":{"rendered":"POLICEtech XVR1601H-5M-AI AI Penta-brid SNEMALNIK"},"content":{"rendered":"<p>24 KANALNI ULTRA HD (16x Analog\/CVI\/TVI\/AHD + 8x IPC 6Mp\/96Mbps) \/ AI (za\u0161\u010diteno obmo\u010dje) \/ SMD Plus (zaznavanje ljudi in vozil)<\/p>\n","protected":false},"excerpt":{"rendered":"<p>24 KANALNI ULTRA HD (16x Analog\/CVI\/TVI\/AHD + 8x IPC 6Mp\/96Mbps) \/ AI (za\u0161\u010diteno obmo\u010dje) \/ SMD Plus (zaznavanje ljudi in vozil)<\/p>\n","protected":false},"featured_media":0,"template":"","meta":[],"product_brand":[],"product_cat":[23],"product_tag":[],"class_list":{"0":"post-501","1":"product","2":"type-product","3":"status-publish","5":"product_cat-16-kanalni-dvr-snemalniki","7":"first","8":"instock","9":"taxable","10":"shipping-taxable","11":"purchasable","12":"product-type-simple"},"_links":{"self":[{"href":"https:\/\/www.videonadzornisistemi.si\/index.php?rest_route=\/wp\/v2\/product\/501","targetHints":{"allow":["GET"]}}],"collection":[{"href":"https:\/\/www.videonadzornisistemi.si\/index.php?rest_route=\/wp\/v2\/product"}],"about":[{"href":"https:\/\/www.videonadzornisistemi.si\/index.php?rest_route=\/wp\/v2\/types\/product"}],"wp:attachment":[{"href":"https:\/\/www.videonadzornisistemi.si\/index.php?rest_route=%2Fwp%2Fv2%2Fmedia&parent=501"}],"wp:term":[{"taxonomy":"product_brand","embeddable":true,"href":"https:\/\/www.videonadzornisistemi.si\/index.php?rest_route=%2Fwp%2Fv2%2Fproduct_brand&post=501"},{"taxonomy":"product_cat","embeddable":true,"href":"https:\/\/www.videonadzornisistemi.si\/index.php?rest_route=%2Fwp%2Fv2%2Fproduct_cat&post=501"},{"taxonomy":"product_tag","embeddable":true,"href":"https:\/\/www.videonadzornisistemi.si\/index.php?rest_route=%2Fwp%2Fv2%2Fproduct_tag&post=501"}],"curies":[{"name":"wp","href":"https:\/\/api.w.org\/{rel}","templated":true}]}}