{"id":492,"date":"2024-08-01T09:08:04","date_gmt":"2024-08-01T08:08:04","guid":{"rendered":"https:\/\/www.videonadzornisistemi.si\/?product=dahua-xvr7104he-4k-i2-penta-brid-snemalnik-wizsense"},"modified":"2024-08-01T09:08:04","modified_gmt":"2024-08-01T08:08:04","slug":"dahua-xvr7104he-4k-i2-penta-brid-snemalnik-wizsense","status":"publish","type":"product","link":"https:\/\/www.videonadzornisistemi.si\/?product=dahua-xvr7104he-4k-i2-penta-brid-snemalnik-wizsense","title":{"rendered":"DAHUA XVR7104HE-4K-I2 PENTA-BRID SNEMALNIK WizSense"},"content":{"rendered":"<p>8 KANALNI ULTRA HD (4x BNC do 8Mp + 4x IP do 8Mp\/128Mbps) \/ IVA (pre\u010dkanje linije) \/ AI (za\u0161\u010diteno obmo\u010dje) \/ SMD Plus (zaznavanje ljudi in vozil) \/ PREPOZNAVANJE obrazov<\/p>\n","protected":false},"excerpt":{"rendered":"<p>8 KANALNI ULTRA HD (4x BNC do 8Mp + 4x IP do 8Mp\/128Mbps) \/ IVA (pre\u010dkanje linije) \/ AI (za\u0161\u010diteno obmo\u010dje) \/ SMD Plus (zaznavanje ljudi in vozil) \/ PREPOZNAVANJE obrazov<\/p>\n","protected":false},"featured_media":0,"template":"","meta":[],"product_brand":[],"product_cat":[21],"product_tag":[],"class_list":{"0":"post-492","1":"product","2":"type-product","3":"status-publish","5":"product_cat-4-kanalni-dvr-snemalniki","7":"first","8":"instock","9":"taxable","10":"shipping-taxable","11":"purchasable","12":"product-type-simple"},"_links":{"self":[{"href":"https:\/\/www.videonadzornisistemi.si\/index.php?rest_route=\/wp\/v2\/product\/492","targetHints":{"allow":["GET"]}}],"collection":[{"href":"https:\/\/www.videonadzornisistemi.si\/index.php?rest_route=\/wp\/v2\/product"}],"about":[{"href":"https:\/\/www.videonadzornisistemi.si\/index.php?rest_route=\/wp\/v2\/types\/product"}],"wp:attachment":[{"href":"https:\/\/www.videonadzornisistemi.si\/index.php?rest_route=%2Fwp%2Fv2%2Fmedia&parent=492"}],"wp:term":[{"taxonomy":"product_brand","embeddable":true,"href":"https:\/\/www.videonadzornisistemi.si\/index.php?rest_route=%2Fwp%2Fv2%2Fproduct_brand&post=492"},{"taxonomy":"product_cat","embeddable":true,"href":"https:\/\/www.videonadzornisistemi.si\/index.php?rest_route=%2Fwp%2Fv2%2Fproduct_cat&post=492"},{"taxonomy":"product_tag","embeddable":true,"href":"https:\/\/www.videonadzornisistemi.si\/index.php?rest_route=%2Fwp%2Fv2%2Fproduct_tag&post=492"}],"curies":[{"name":"wp","href":"https:\/\/api.w.org\/{rel}","templated":true}]}}