{"id":487,"date":"2024-08-01T09:08:03","date_gmt":"2024-08-01T08:08:03","guid":{"rendered":"https:\/\/www.videonadzornisistemi.si\/?product=policetech-xvr0401hs-i2-penta-brid-snemalnik-wizsense"},"modified":"2024-08-01T09:08:03","modified_gmt":"2024-08-01T08:08:03","slug":"policetech-xvr0401hs-i2-penta-brid-snemalnik-wizsense","status":"publish","type":"product","link":"https:\/\/www.videonadzornisistemi.si\/?product=policetech-xvr0401hs-i2-penta-brid-snemalnik-wizsense","title":{"rendered":"POLICETECH XVR0401HS-I2 PENTA-BRID SNEMALNIK WizSense"},"content":{"rendered":"<p>6 KANALNI FULL HD (4x BNC do 5Mp + 2x IP do 6Mp\/32Mbps) IVA (pre\u010dkanje linije) \/ AI (za\u0161\u010diteno obmo\u010dje) \/ SMD Plus (zaznavanje ljudi in vozil) \/ PREPOZNAVA obrazov<\/p>\n","protected":false},"excerpt":{"rendered":"<p>6 KANALNI FULL HD (4x BNC do 5Mp + 2x IP do 6Mp\/32Mbps) IVA (pre\u010dkanje linije) \/ AI (za\u0161\u010diteno obmo\u010dje) \/ SMD Plus (zaznavanje ljudi in vozil) \/ PREPOZNAVA obrazov<\/p>\n","protected":false},"featured_media":0,"template":"","meta":[],"product_brand":[],"product_cat":[21],"product_tag":[],"class_list":{"0":"post-487","1":"product","2":"type-product","3":"status-publish","5":"product_cat-4-kanalni-dvr-snemalniki","7":"first","8":"instock","9":"taxable","10":"shipping-taxable","11":"purchasable","12":"product-type-simple"},"_links":{"self":[{"href":"https:\/\/www.videonadzornisistemi.si\/index.php?rest_route=\/wp\/v2\/product\/487","targetHints":{"allow":["GET"]}}],"collection":[{"href":"https:\/\/www.videonadzornisistemi.si\/index.php?rest_route=\/wp\/v2\/product"}],"about":[{"href":"https:\/\/www.videonadzornisistemi.si\/index.php?rest_route=\/wp\/v2\/types\/product"}],"wp:attachment":[{"href":"https:\/\/www.videonadzornisistemi.si\/index.php?rest_route=%2Fwp%2Fv2%2Fmedia&parent=487"}],"wp:term":[{"taxonomy":"product_brand","embeddable":true,"href":"https:\/\/www.videonadzornisistemi.si\/index.php?rest_route=%2Fwp%2Fv2%2Fproduct_brand&post=487"},{"taxonomy":"product_cat","embeddable":true,"href":"https:\/\/www.videonadzornisistemi.si\/index.php?rest_route=%2Fwp%2Fv2%2Fproduct_cat&post=487"},{"taxonomy":"product_tag","embeddable":true,"href":"https:\/\/www.videonadzornisistemi.si\/index.php?rest_route=%2Fwp%2Fv2%2Fproduct_tag&post=487"}],"curies":[{"name":"wp","href":"https:\/\/api.w.org\/{rel}","templated":true}]}}